be 3 - b/(-1) - (2 + -3). What is the tens digit of 8/28 + (-948)/q?
6
Suppose 4 = -4*u, -4*f + f + 2*u - 1408 = 0. Let t = 779 + f. What is the tens digit of t?
0
Let p(v) = -v**3 - 11*v**2 + 11*v - 14. Let t be p(-12). Let l be ((-132)/14)/(t/(-14)). Let y = -24 - l. What is the tens digit of y?
4
Let m = 477 + -84. Let r(c) = c**3 - 6*c**2 + c - 2. Let x be r(6). Suppose o = x*o - m. What is the tens digit of o?
3
Let y(f) be the first derivative of 49*f**2/2 - 14*f - 92. What is the hundreds digit of y(14)?
6
Suppose -5*w - 3*q - 727 = -137, 5*w = -2*q - 590. Let z = w + 145. Suppose z*h - 6*h - 3444 = 0. What is the units digit of h?
4
Suppose 37 - 77 = -4*k. Suppose 0 = -4*c + l + 1754, k*l + 10 = 5*l. What is the hundreds digit of c?
4
Let s = -20362 + 38144. What is the units digit of s?
2
Suppose -q - 185 = -3*a - 0*q, 5*a = 2*q + 310. Let s be (4/6)/(20/a). Suppose 472 = s*u + 78. What is the units digit of u?
7
Let j = 3632 - 2429. What is the units digit of j?
3
Suppose -26 = -i - 19. Let v(b) = -8*b + 29. Let k(r) = -16*r + 58. Let z(p) = -4*k(p) + 7*v(p). What is the tens digit of z(i)?
2
Suppose -2*u + 786 = 4*b - b, -776 = -2*u + 2*b. Let c = 159 - 27. Suppose 9*d - c = u. What is the tens digit of d?
5
Let i(t) = -t**3 - 16*t**2 + 12*t - 37. Let m = 0 - 18. Let u be i(m). Suppose -2*g = 5*d - u - 126, 0 = 2*d + 3*g - 215. What is the hundreds digit of d?
1
Let s(g) = g + 163. Let d be s(41). Let o(h) = -2*h - 6. Let y be o(-4). Suppose 5*q - 409 = -y*t, 4*t - d = 3*t - 3*q. What is the hundreds digit of t?
2
Suppose -j + 4*o - 8 = 0, 2*o - 1 = 5*j + 3. Suppose 7*f + 1692 - 341 = j. Let k = f + 297. What is the hundreds digit of k?
1
Let c be 3/(-6) + (-50)/(-4). Let f = c + -11. Let k(w) = 51*w + 2. What is the tens digit of k(f)?
5
Let b(a) be the first derivative of a**4/4 + 11*a**3/3 - 17*a**2/2 + 2*a + 3. Suppose -4*k - 39 = 3*o, 4*o = 10 + 2. What is the units digit of b(k)?
2
Let g = -465 - -429. What is the units digit of (-3138)/(-9) - 3*(-8)/g?
8
Let b = 55 + -70. Let z be (10/b)/(2/(-6)). Suppose z*s + u - 67 = 0, -2*u = 3*s - 4*s + 41. What is the units digit of s?
5
Let s(z) = 89*z - 26. Let d be (-1)/((-9)/(-6))*(-5 - 1). What is the hundreds digit of s(d)?
3
Let w be ((-10)/(-6))/(-2*3/18). Let c(f) be the third derivative of -f**6/120 - f**5/10 - 7*f**4/24 - f**3/2 + 2*f**2. What is the units digit of c(w)?
7
Let k(a) = 2*a**2 + 12*a - 3. Let i be k(-6). Let f be (i - 9/(-3)) + 40. Suppose -t + f = -71. What is the hundreds digit of t?
1
Let s = -15 - -38. Let p = 2935 + -2912. Let u = s + p. What is the units digit of u?
6
Let a be (5 + -4 - -8) + 23. Suppose a*g + 25*g = 94620. What is the thousands digit of g?
1
Let s be (-26)/(-26) + (-6 - 1). What is the units digit of ((-6)/(-10))/(51128/8520 + s)?
9
Let a(p) be the first derivative of -p**4/4 - 23*p**3/3 - 10*p**2 - 10*p - 34. Let z be a(-22). Let g = -49 - z. What is the units digit of g?
5
Let c = -1135 - -2212. What is the thousands digit of c?
1
Let t be (-2600)/(-14) + 4/14. Let o = 1034 - 1108. Let k = o + t. What is the units digit of k?
2
What is the tens digit of -1 + (7076 - (-16 - (-56)/7))?
8
Let c = -1577 + 4020. What is the hundreds digit of c?
4
Let k(f) = 12*f**3 - f**2 + 21*f - 25. What is the units digit of k(3)?
3
Let n be 0/2 - (-7)/(-1). Let l(w) = 4*w - 90*w**2 - 90*w**2 + 181*w**2. What is the tens digit of l(n)?
2
Let r = -123 + 130. Suppose 0 = 6*u - r*u + 7. What is the hundreds digit of -2 + u/3 - 12996/(-54)?
2
Let t(u) be the first derivative of -22*u - 11/2*u**2 + 2 + 2/3*u**3. What is the units digit of t(11)?
9
Let b = -603 - -1282. Let u be (2*(-2)/3)/((-16)/36). Suppose -2*f + 322 = 2*a, -u*f = -4*a - 0*f + b. What is the units digit of a?
6
Let z be (-12)/(-16) - (198/(-24))/(-11). Suppose -d + 4*n = -229, -3*d + 3*n + 642 = -z*d. What is the units digit of d?
9
Let q(u) = u**3 - 22*u**2 - u - 5. Let s be q(23). Suppose -t - 2*t = -378. Suppose -2*b + 456 = -x + t, 0 = 3*b - 3*x - s. What is the hundreds digit of b?
1
Suppose -3*d - 17869 = -5*f, -20*d + 7153 = 2*f - 23*d. What is the units digit of f?
2
Let j = 165 - 89. Let h = j + -73. Suppose -30 = -h*b + 2*z, -z = -6*z. What is the units digit of b?
0
Let j be 453 - (0 - -4)/(-2 - -4). Let b be j/(3*(-5)/(-15)). Suppose b + 19 = 5*k. What is the units digit of k?
4
Suppose -8*o + 11 + 5 = 0. Suppose 5*k = a + 9*k - 97, -o*k + 10 = 0. What is the tens digit of a?
7
Let h(f) = f**2 + 12*f + 11. Let v be h(-10). Let j = v + -141. What is the units digit of ((-16)/5)/(4*5/j)?
4
Suppose -2*u + 6*u + 144 = 0. What is the units digit of 358 - 9/(u/(-16))?
4
Suppose 39*h - 52*h + 52 = 0. Let v(j) = 47*j**2 - 6*j + 4. What is the tens digit of v(h)?
3
Let k be 0/(-3 + 5 + -1). Suppose -n = 4, -y + 4*n - 118 + 947 = k. What is the units digit of y?
3
Suppose 4*h - g + 4721 = 7*h, 2*h + 3*g = 3159. Let o = 2231 - h. What is the hundreds digit of o?
6
Suppose 147*b - 32*b - 13869 = -92*b. What is the units digit of b?
7
Let z(o) = o**2 - 3*o + 3. Let r be z(3). Let v = -114 - -232. Suppose -a = -r*a + v. What is the units digit of a?
9
Let j(p) = 34*p**2 + 6*p - 10. Let r be j(-5). Suppose 0*y + o = -4*y + 3164, y + 5*o = r. What is the tens digit of y?
9
Suppose 3*d - 2991444 = -107*d + 267526. What is the tens digit of d?
2
Suppose -5*q + o - 7098 + 50158 = 0, -3*o - 25848 = -3*q. What is the hundreds digit of q?
6
Let c(w) = -48*w. Let s be c(-7). Suppose -p - 2 = 5*l, -5*l - 6*p = -9*p - 6. Suppose 11*v - 3*v - s = l. What is the units digit of v?
2
Suppose -3*w + t + 14189 = 0, 505*t - 502*t + 15 = 0. What is the hundreds digit of w?
7
Suppose 2*w - 3 = 3. Let x(c) = c**3 - 11*c**2 + 31*c - 52. Let o be x(8). Suppose -o*b + 483 = w*b. What is the tens digit of b?
6
Suppose 3*p = -4*t - 8048, -3*t - 6154 + 93 = -4*p. Let a = -1066 - t. What is the tens digit of a?
4
Let k be (890/4)/((-855)/(-1368)). Let d = 8 + -1. Suppose -d*f - k = -11*f. What is the units digit of f?
9
What is the units digit of (-3 - 115311/(-9))*15/10?
4
Suppose 0 = -2*m + q + 4*q - 9, 0 = 4*q - 12. Suppose 5*f + m*f + 880 = 0. Let v = f - -192. What is the tens digit of v?
8
Let m be 1/2 - (-39)/(-2) - 1. Let q be (-4)/10 - (-101072)/m. What is the units digit of q/(-49) + 2/(-14)?
3
Let w be (16 + -11)*(-42)/10. Let h = w + 25. Suppose 5*c - 430 = -5*r, c - h*r - 94 = -3*r. What is the units digit of c?
0
Let c be ((-3243)/(-92))/(3*2/16). Suppose -3840 = -c*l + 84*l. What is the tens digit of l?
8
Suppose 4*m = 5*f + 71651, -37*m + 39*m + 3*f = 35853. What is the thousands digit of m?
7
Suppose -5*t + 9 = -181. Let m = -35 + t. Suppose 0 = -4*i + 2*h + 604, i - 151 = -h + m*h. What is the tens digit of i?
5
Suppose -2*z - 3*g = -z + 427, -4*z = 2*g + 1688. Let d = -237 - z. What is the units digit of d?
4
Suppose -r = 6*r - 1393. Suppose -r = -5*k + 4*z, k + 4*z = 8 + 27. Suppose 4*y - 2*n - 73 = k, 5*n + 150 = 5*y. What is the units digit of y?
6
Let n = 96 + -94. Suppose -3*m = 2*s - 400, -n*m - 5*s = -6*m + 564. What is the units digit of m?
6
Let g(t) be the first derivative of 67*t**3 + t**2 - t - 22. Let m be g(1). Suppose -6*x + 2*x = -3*q + 268, 0 = -2*q - 2*x + m. What is the tens digit of q?
9
Let h = 66 + -62. Suppose -h*l - 11*l + 16755 = 0. What is the tens digit of l?
1
Let v(c) be the second derivative of -c**5/20 - c**4/6 - c**3 + 80*c**2 + 111*c. What is the tens digit of v(0)?
6
Let g(s) = 16*s**2 - 17*s - 10. Let i(h) = -15*h**2 + 15*h + 9. Let r(q) = -4*g(q) - 5*i(q). What is the units digit of r(4)?
3
Suppose -4*q + 38 = -46. Let v(r) = 31 - 13 + q*r - 6 - 8. What is the units digit of v(4)?
8
Let v = 64997 - -6821. What is the units digit of v?
8
Let c(g) = 11*g + 69. Let m(a) = 32*a + 206. Let k(d) = -7*c(d) + 2*m(d). Suppose -2*w - 2*o + 4*o = 18, 0 = 5*o. What is the units digit of k(w)?
6
Let d(y) = 3*y**2 + 129*y + 3719. What is the hundreds digit of d(127)?
4
Suppose c - 3*m = -0*c - 37, 0 = -c + 4*m - 40. Let i = c - -40. Suppose 0 = -4*b + i + 32. What is the tens digit of b?
1
Suppose -343058 = -30*z + 463240 - 39138. What is the units digit of z?
2
Suppose -3*r + 5*s = 287, -4*s = 3*r - s + 327. What is the hundreds digit of 6938/8 + 26/r?
8
Let v = 711 + -311. 